 units digit of h(x)?
8
What is the tens digit of (-2 - 28/8 - 0)*-10?
5
Let x = -116 + 176. Suppose 0 = 3*g - g - x. What is the tens digit of g?
3
Let h(r) = 3*r - 9. Let d be h(7). Let o = d + -21. Let g = 19 + o. What is the units digit of g?
0
Suppose 9 = -3*p + 4*k - 8*k, p = 2*k - 13. Let v = p - -11. Suppose -v*w + 1 = -3*w. What is the units digit of w?
1
Let r = 424 + -246. What is the units digit of r?
8
Let s(f) = 2*f - 4. Let h be s(3). Suppose 4*g + 294 = 5*p + h*g, 0 = g + 2. What is the units digit of 1/(p/(-30) + 2)?
5
Suppose 3*b = 4*s + b, s + 3*b - 7 = 0. Let x be 34/(-4) - s/(-2). Let z(y) = y**3 + 9*y**2 + 7*y. What is the units digit of z(x)?
8
Let q = -36 - -60. What is the tens digit of q?
2
Suppose -2*q - 1 - 2 = 3*c, -2*c - 6 = 0. What is the units digit of q?
3
Let s be (24/(-20))/(2/(-135)). What is the tens digit of (0 + -2)*s/(-6)?
2
Suppose 4*f = 233 - 61. What is the units digit of f?
3
Let y = -3 + 1. Let k(o) = -o + 1. What is the units digit of k(y)?
3
Let x be (-4)/10 - 16/10. Let z be (30/(-12))/((-1)/x). Let m = -4 - z. What is the units digit of m?
1
Let r(p) = 5*p**2 - 7*p - 1. Let w(z) = 4*z**2 - 6*z - 1. Let k(i) = -2*r(i) + 3*w(i). Let j be k(3). Suppose -4*d - j = -17. What is the units digit of d?
3
Let j(v) = -6 + 0*v + v + v. Let g(z) = -z + 1. Let h be g(-4). What is the units digit of j(h)?
4
Let s = -19 - -37. Suppose 4*q = g - s, -42 = -5*g - 3*q - q. What is the tens digit of g?
1
Let r(f) = 2*f - 9. Let x = 15 + -9. What is the units digit of r(x)?
3
Let z(a) = a**3 - 4*a**2 - 3*a. Let i be z(-2). What is the units digit of (-510)/i - (-4)/6?
9
Suppose -r + 2*i = 1 + 3, 0 = -3*r - 3*i + 24. Let s be r*(0/(-3) + -1). Let l = s + 6. What is the units digit of l?
2
What is the units digit of (5 - 3)/2*11?
1
Suppose 50 - 6 = -4*t + 2*q, 2*q - 33 = 3*t. Let o = -2 + t. What is the units digit of 3/((-6)/2) - o?
2
Suppose 6*m = m + 110. What is the units digit of m?
2
Let x(p) = -8*p + 2. Let n(s) = -3*s + 1. Let q(m) = -11*n(m) + 4*x(m). Let a be q(7). Suppose -3*k = -5 - a. What is the units digit of k?
3
Suppose -4*t + 60 = -264. What is the units digit of t?
1
Let l(z) be the first derivative of -z**3/3 - 5*z**2/2 - 4*z + 1. Let g be l(-4). Suppose j = -g*j + 1. What is the units digit of j?
1
Let m = -10 - -46. What is the units digit of m?
6
Suppose -62 = 3*p + 5*q - 3*q, 0 = 3*p + 5*q + 47. Suppose 4*x + 0 = n + 133, -x = 3*n - 43. Let k = p + x. What is the units digit of k?
0
Suppose -8 = 5*a - 33, 5*z + 3*a - 115 = 0. What is the tens digit of z?
2
Let o(q) = 10*q + 49. What is the tens digit of o(13)?
7
Suppose y + 4 = -y. Let x = y + 2. Suppose x = -2*q + 22 - 2. What is the tens digit of q?
1
Let r(n) = 8*n**2 - 2*n. What is the tens digit of r(-3)?
7
What is the tens digit of (17/2)/(2/20)?
8
Let x = 95 + -20. Suppose -4*o = o - x. What is the tens digit of o?
1
Suppose -2*s = -0*s - 82. What is the tens digit of s?
4
Let g(p) = -p**3 + 5*p**2 + 3*p. Let j be g(4). Suppose j = -5*a + 3*s - 12, 3*s + 40 = -5*a. What is the units digit of -1 - a - (0 - 0)?
7
Let f(k) = -k**3 + 11*k**2 + 13*k - 7. Let g be f(12). What is the units digit of (28/6)/(g/15)?
4
Let q(l) = l**3 + 9*l**2 - 2*l - 3. Let c be q(-9). What is the units digit of 35/(-2)*(-18)/c?
1
Let d(v) = 7*v - 14*v + 6*v - 4. What is the units digit of d(-12)?
8
Let r = -17 - -57. Suppose 0*l + 2*l - r = 0. Suppose 5*c - 20 = u, 3*u + 0*u = -c + l. What is the units digit of c?
5
Let k be (49 + 9)*(-1)/(-2). Let r = 50 - k. What is the tens digit of r?
2
Suppose -39*n - 660 = -41*n. What is the hundreds digit of n?
3
Let w be 1 + (-19 - 2 - -1). What is the tens digit of -1 - 1*(w - 0)?
1
Let t = 528 - 360. Suppose -4*z + 190 - 61 = -5*p, t = 5*z - 4*p. What is the tens digit of z?
3
Let w be (-3 - -3)/(3 - 1). Let f(z) = 2 + z + 4 - z**3 + 3 - 2. What is the units digit of f(w)?
7
Let m be 38/8 + 3/12. Suppose -q + 32 = 4*k, 3*q - 4*k = m*q - 48. What is the tens digit of q?
1
Let p(t) = -t**3 - 11*t**2 + 12*t + 2. Let y be p(-12). What is the units digit of (42/12)/(y/16)?
8
Suppose -2*h - 1 = -3*h. Let b be (2 - -9)*(-1)/h. Let i = b - -18. What is the units digit of i?
7
What is the units digit of 13/(-1)*(-3 + (-12)/3)?
1
Let b be ((-2 + 3)*0)/(-3). Suppose -a + 4*a = -6, b = -q + 4*a - 17. Let t = -15 - q. What is the tens digit of t?
1
What is the units digit of ((-2)/8*0)/2 - -6?
6
Let b be (-60)/8 - (-2)/(-4). Let o be (-1 - b)*(-18)/(-21). What is the units digit of 9/(-6)*(-4)/o?
1
Suppose 1 - 3 = -n. Suppose -3*q + 34 = -2*q - 5*p, 5*p = n*q - 48. What is the units digit of q?
4
Suppose 4*n - 476 = -4*l, -n + 125 = l - 2*n. What is the units digit of l?
2
Suppose -a + 3*a + 8 = 0. Let d = a - -10. Suppose -5*z - 2*t + d*t + 9 = 0, 2*z = -2*t + 18. What is the units digit of z?
5
Let y be (-65)/(-2)*(4 + -2). Suppose -4*a + f + y = 0, 5*a - 91 = -f - 12. Let h = -10 + a. What is the units digit of h?
6
Let i = -105 - -199. What is the units digit of i?
4
Suppose 3*x + o = -3*o + 149, -5*o = -4*x + 178. What is the tens digit of x?
4
Let w(h) = 21*h. Let b be w(-4). Let g = b - -56. What is the units digit of 2/7 - 188/g?
7
Let j(x) = -27*x + 3. What is the units digit of j(-6)?
5
Let n = -137 - -221. What is the tens digit of n?
8
Let b(f) = 4*f + 5. Let w be (-8)/(-1) + (-4 - -1). Let v be b(w). Let i = -16 + v. What is the units digit of i?
9
Let f = -52 - -92. What is the tens digit of f?
4
What is the units digit of ((-69)/4)/((21/56)/(-3))?
8
Suppose -4*l - 4*o + 916 = 0, 0*o = l - 2*o - 244. What is the tens digit of l?
3
Let d(x) = x**2 - x - 2. What is the units digit of d(-3)?
0
Let b be (3/2)/((-2)/(-4)). Let a(o) = -o**2 - 10*o - 6. Let m be a(-9). Suppose -b*v = -6 - m. What is the units digit of v?
3
Suppose -4*n - 190 = -9*n. What is the tens digit of n?
3
Suppose 2*k - 4*o - 8 - 8 = 0, -3*o = -2*k + 18. Let b = -7 - -11. Suppose -b*f + k = -8. What is the units digit of f?
5
Suppose -5*f - 2*d = -0*f - 65, 0 = 2*f + 2*d - 32. What is the tens digit of f?
1
Suppose 2*q = 17 + 15. What is the units digit of q?
6
Let f = -14 + 20. Let d(j) = j**2 - 6*j + 4. What is the units digit of d(f)?
4
Let d = 18 - -8. What is the units digit of d?
6
Let n be (0 - -7)/((-2)/(-32)). Suppose a - 14 = 4*l - 120, 4*l = -2*a + n. What is the tens digit of l?
2
Suppose -7*f = -2*f + 15. Let u = f - 2. Let i = u - -15. What is the tens digit of i?
1
Suppose o + 31 = i, 3*o - 4*o + 71 = 2*i. What is the units digit of i?
4
Suppose u - 8*u = -595. What is the units digit of u?
5
Suppose 3*q = 15, p + q + 0*q = 6. Suppose j = p + 7. What is the units digit of j?
8
Suppose -2*l + c + 82 = 0, -10 = 5*c + 10. Suppose -2*k + l + 67 = 0. Suppose -20 + k = 5*r + g, -2*r = 3*g - 8. What is the units digit of r?
7
Suppose -3*i + 2 + 1 = 0. What is the units digit of i?
1
Let p(c) = 59 + c - 71 + c. Suppose 4*l = -5*t + 34, l - 4*l = -5*t + 62. What is the units digit of p(t)?
8
Let g = -18 - -10. What is the units digit of (-6)/4*g/3?
4
Let q = 39 + -15. Suppose -4 + q = 5*o. What is the units digit of o?
4
What is the units digit of 157/4 + (-2)/8?
9
Let a(d) = d**3 - 10*d**2 + 7*d + 3. Let x be a(9). Let f = 31 + x. What is the tens digit of f?
1
Let g(l) = 3*l - 4. Let h(p) = 2*p - 4. Let a(c) = 3*g(c) - 4*h(c). Let u be a(-3). What is the units digit of 6*(u - (-1)/3)?
8
Suppose 0 = -8*z + 4*z + 100. What is the units digit of z?
5
Suppose -4*z + 5*z - 2 = 0. Suppose 0 = -2*w - 2*k + 4, z*k - 5 = -4*w + k. What is the units digit of w?
1
Let a(x) = -12*x - 3. Let n be (-1 + 2)*(-1 - 1). What is the tens digit of a(n)?
2
Suppose -360 - 320 = -4*q. What is the units digit of q?
0
What is the tens digit of (1 - 2) + 0 + 122?
2
What is the tens digit of (-23 + 3)*(-1 + (-36)/16)?
6
Let w(k) = -k + 0 + 2 + 0*k. Let p be w(0). Suppose -j - p*j = -h - 33, 0 = j + h - 7. What is the tens digit of j?
1
Let u(n) = -n. Let l be 1/2 - (-15)/10. Let x be u(l). What is the units digit of x/1*(-14)/4?
7
Let z = 217 - 121. Suppose 2*o - z = -2*u, -4*u + 140 = 3*o - 0*o. What is the tens digit of o?
5
Suppose -5*i + 21 = -4. What is the units digit of (-1 - 22)*i/(-5)?
3
Let b(y) = 0 - y + 3 + 3*y**2 - 3. Let n be b(1). Suppose 5*m = -15, -